 - d. What is the tens digit of h?
3
What is the hundreds digit of 3660/(12 - 45/4)?
8
Suppose 4*n = g + 916, 8*g = 10*g. What is the tens digit of n?
2
Let k be ((-28)/(-6))/((-3)/(-45)). Suppose 5*n - k = -10. What is the units digit of n?
2
Let j(q) = 20*q**2 - 2*q - 15. What is the tens digit of j(6)?
9
Suppose 13*j - 3*j + 3640 = 0. Let l = -234 - j. What is the hundreds digit of l?
1
Suppose -848 = -v - 814. What is the tens digit of v?
3
Suppose 11*f - 4891 - 45104 = 0. What is the tens digit of f?
4
Let f(t) = -14*t + 24. Suppose 8*i + 10 = 7*i. What is the hundreds digit of f(i)?
1
Suppose 0 = 4*f - 7*f + j + 23, 43 = 5*f - 4*j. Let n = 7 - 12. Let l = f + n. What is the units digit of l?
2
Suppose -3*g + 3*r = -9036, -4*g - r = 2*r - 12055. What is the units digit of g?
3
Let c = 72 + -48. Let z = -6 + 45. Let y = z - c. What is the tens digit of y?
1
Let n(b) = -8*b**3 + b**2 - b. Let v be n(1). What is the units digit of (-4)/(v/30) + 3?
8
Let d(r) = -r**3 - 19*r**2 + 17*r - 7. Let i be 1 - (5 + 15 + (-2)/(-2)). What is the units digit of d(i)?
3
Let k(r) = -4*r - 9. Let a(l) = l - 13. Let x be (8/28)/((-5)/(-70)). Let m be a(x). What is the units digit of k(m)?
7
Let t = 6 + 1. Suppose -5*d - 176 = -t*d. What is the tens digit of d?
8
What is the hundreds digit of 6/(-21) - 25/(-35)*2659?
8
Let f be (-1778)/(-30)*3 + (-3)/(-15). Let d = -3 + f. What is the units digit of d?
5
Suppose -l + 141 - 131 = 0. Let x(b) = 10*b + 20. What is the tens digit of x(l)?
2
Suppose -27*c + 8 = -23*c. Suppose -c*w - 6 = 0, -2*s - 2*s + 66 = 2*w. What is the units digit of s?
8
What is the hundreds digit of (-6)/50*-2845 - 6/(-10)?
3
Suppose 0*p - 10 = p. Let q be (-5)/(-2)*p/(-25). What is the tens digit of q/2*-19*-2?
1
Suppose 0 = 10*i - 61 - 189. Suppose -4*b - 3*m = -0*b - i, 3*b - 25 = 4*m. What is the units digit of b?
7
Let c be 912/171*(-1 - -2*2). Suppose 6*z - 3 = 3*z. Suppose -c = -p - z. What is the units digit of p?
5
Let f = -99 - -95. What is the tens digit of 3 + 0 + f - -17?
1
What is the hundreds digit of (3 + -2 + 19)/(10/255)?
5
What is the thousands digit of (-4)/(-1)*-3155*(-11)/55?
2
Let m(h) = -h + 5. Let q be m(0). Let v = q - 15. What is the tens digit of 1606/55 + 2/v?
2
Suppose -5*w + w + 24 = 0. What is the units digit of (-90)/(-8)*16/w?
0
Suppose -14 = 6*x + 34. Let v be (x + 2)*1/(-2). What is the units digit of -120*(0 + v/(-6))?
0
Let p = -38 + 417. Suppose -5*y + 2*y = -g - 395, -5*g - p = -3*y. What is the units digit of y?
3
Let x = -1068 + 2043. What is the hundreds digit of x?
9
Suppose -4*c = -8, 4*c = 33*v - 29*v - 12476. What is the units digit of v?
1
What is the hundreds digit of (72/(-20))/(4/(-1270))?
1
Let d = 304 - 172. Suppose -4*n = -5*c + 76, -4*n + 0*n = 2*c - 8. Suppose -3*j = -c, -5*k + k - 4*j + d = 0. What is the units digit of k?
9
Suppose -67 = 10*s - 447. What is the tens digit of s?
3
Let w(d) = d**3 + 3*d**2 + 2*d + 2. Suppose -4*f - 24 = -4*j, -2*f - 6 - 10 = -3*j. Let r be w(f). Suppose r*h - 75 = -3*h. What is the units digit of h?
5
Let c = 391 + -712. Let m be (-4)/10 + c/(-15). Let l = -4 + m. What is the units digit of l?
7
Suppose 31*b - 30*b = 178. What is the units digit of b?
8
Let o = 894 - 294. Suppose 3*h + l = 2*l + 359, -5*h + 2*l + o = 0. What is the tens digit of h?
1
Let q = -118 + 235. What is the hundreds digit of q?
1
Suppose -17*n + 35*n = 40302. What is the tens digit of n?
3
Let q be (3/(-6))/((-3)/6). Suppose -20 = 4*d - 5*p, -3*d = -p + q + 3. What is the units digit of (d + 16 + -1)*1?
5
Let v be 132/(-18) + 1/3. Let m(l) = -2*l - 10. What is the units digit of m(v)?
4
Suppose -5*f + 12 = 2*l, 0 = f - 5*l - 24. Suppose -f*k - 37 = k + 4*b, -3*b + 51 = -5*k. Let s = k + 12. What is the units digit of s?
3
Let l(t) = t**2 + 7*t - 7. Let g be l(-8). Let k(n) = 23*n**3 + n. Let a be k(g). Let j = a + -2. What is the tens digit of j?
2
What is the units digit of 21/(-9) - 213200/(-78)?
1
Let z(t) = t**2 - 2*t + 1. Let x be z(3). Let h = 3 + 19. Suppose -2*f = -x*f + h. What is the units digit of f?
1
Let k = -14 - -14. Suppose k = 4*s - 3*i - 21, s + 0*i - 4*i - 2 = 0. What is the units digit of s + (-4 - -1) + 9?
2
Let u(d) = -1661*d - 16. Let m be u(14). What is the units digit of m/(-70) + 6/(-14)?
2
What is the thousands digit of (-2)/(-11) - 753220/(-572)?
1
Suppose -105 = -g - 5*h + 135, 681 = 3*g + 2*h. What is the hundreds digit of g?
2
Suppose 5*j = -0*r + r - 18, 3*j + 24 = 5*r. Suppose 11 = r*v - g, 3*v + 4*g + 1 + 13 = 0. What is the units digit of v?
2
Let b be (-4 - 2) + -1*-1*3. Let n = -44 - -10. What is the units digit of b/6 - n/4?
8
Suppose -5*l + 770 = 195. Suppose -l + 7 = -2*s. What is the tens digit of s?
5
Suppose -25*j + 20*j = -10. Suppose -j*i - 2*b = -7*i + 567, -5*i + 563 = -3*b. What is the units digit of i?
5
Let j(g) = 0*g**3 + 0*g**3 - g**3. Let l be j(-1). Let b = 9 - l. What is the units digit of b?
8
Let z be (-24)/156 + 41/13. Suppose -4*j - 91 = -5*k - 528, 2*k - 93 = -j. Suppose -j = -z*p + 5*n, -4*p - n + 75 = -70. What is the units digit of p?
6
Let a = -2561 + 5932. What is the tens digit of a?
7
Let i(d) = d**2 - 6*d + 12. Let y be i(5). Suppose 0 = -5*g + 17 - y. Suppose 2*j = g*b - 2 + 40, 45 = 3*j + 3*b. What is the units digit of j?
7
Suppose -6*l + 450 = -3*l. Suppose q = 5*m - 16, q - 2*q - 7 = -2*m. Suppose -5*w = m*t - 134, 0 = 4*t + 3*w - l - 25. What is the tens digit of t?
4
Let m be ((-66)/77)/(2/(-7)). Suppose m*r - f - 143 = 128, 3*r - 259 = -2*f. What is the units digit of r?
9
Let t = 37 - 37. Suppose -3*x - 3 = t, -2*n - 2*x + 104 + 46 = 0. What is the tens digit of n?
7
Let m be (-3 - (-39)/12)*412. Suppose 53 = 4*l - m. Suppose 21 = 5*d - l. What is the units digit of d?
2
Let h(z) = -z**3 + 3*z**2 + 4*z + 4. Let r be h(-3). Let n = r - 6. Let p = n + -24. What is the units digit of p?
6
Suppose 2 - 8 = 3*s. Let x(f) = 1 + 2*f + 3*f**2 - 3*f**2 + 1 - 3*f**3. What is the tens digit of x(s)?
2
Let t = 202 - 139. Suppose d + 5 = 4*g - 3, -g + 23 = 5*d. Suppose -t - 105 = -d*h. What is the tens digit of h?
4
Suppose b + 3*b - 156 = 0. Let z = b - 11. What is the units digit of z?
8
Suppose -4*u - 12 = -4*x, 2*u + 12 = -2*u. Let n = -13 - 4. Let r = x - n. What is the tens digit of r?
1
Suppose 0 = 2*c - 5 + 15, 5*d = 2*c. What is the units digit of 3 - (d/(-2))/((-2)/378)?
2
Let j(k) = -k + 7. Let n be j(2). Suppose -8 = -2*b, -n*b = 3*w - w - 210. What is the tens digit of w?
9
Suppose 17*d + 1833 = 4*o + 18*d, 3*o = -d + 1376. What is the hundreds digit of o?
4
Let c(d) = -2*d**2 - 9*d - 8. Let x be c(-6). Suppose 0 = -4*k + w - 27, 5*k + 2*w + 55 = -w. What is the units digit of -6 - k - (2 + x)?
6
Suppose 182 = 2*f - 250. What is the units digit of f?
6
Let s = 7111 + -3008. What is the hundreds digit of s?
1
Let k(j) be the third derivative of -j**6/120 - j**5/15 + 11*j**4/24 + 7*j**3/6 + 13*j**2. What is the tens digit of k(-8)?
7
Suppose 4359 = 7*c - 1276. What is the hundreds digit of c?
8
Suppose -3*m + 6 = q, 3*m - 3*q - 2*q = 6. Suppose -m*a - 4*x - 8 = 0, 0*a - 26 = 2*a - 5*x. Let t(g) = g**3 + 8*g**2 + 2. What is the units digit of t(a)?
2
Suppose -3*c = -c + 4, 4*c = 4*v - 16200. What is the units digit of v?
8
Suppose -t - 7*a = -4*a - 84, 5*a + 182 = 3*t. What is the tens digit of 20/((-20)/5) + t?
6
Let p(b) = 9*b + 54. What is the units digit of p(27)?
7
Suppose 5*n + 3*x - x = 95, 3*n - 57 = 4*x. Let f = 19 - n. Let h = f - -7. What is the units digit of h?
7
Suppose -15*k + k = 0. Let v = k - -38. What is the units digit of v?
8
Suppose 50*n - 21417 = 39*n. What is the thousands digit of n?
1
Let t = -603 + 625. What is the tens digit of t?
2
Suppose -12*q - 6 = -9*q. Let z(t) = 11*t + 3. Let l be z(q). Let h = l - -29. What is the units digit of h?
0
Let f(t) be the second derivative of -11*t**6/720 + t**5/8 + 2*t**4/3 + 5*t. Let x(h) be the third derivative of f(h). What is the tens digit of x(-4)?
5
Suppose 2*p - 3*v = 2615, -p + 2639 = p + 5*v. What is the thousands digit of p?
1
Suppose 36*j - 11846 = 15010. What is the hundreds digit of j?
7
Suppose 2 = -3*d - 4*l + 28, 0 = -4*d + 5*l + 14. Suppose 5*g = 164 + d. Suppose g = 3*s - s. What is the units digit of s?
7
Let x = 793 